ommon divisor of s and b.
12
Let m(k) = k. Let u be m(1). Let z be (-1 + 8/2)/u. Suppose -4*h = 4*y + 1 + z, 4*y = -2*h. What is the highest common divisor of 7 and y?
1
Suppose -5*x - 3 - 7 = 0. Let p be (((-80)/2)/x)/2. Let v be (5/p)/(2/4). Calculate the highest common factor of v and 7.
1
Let m = 22 - 19. What is the greatest common divisor of m and 2?
1
Let l be (3 - -5)/(2/1). Suppose -9 = l*i - 65. Let u = -137 - -235. Calculate the greatest common factor of u and i.
14
Suppose m = 6*m - 325. What is the greatest common factor of 13 and m?
13
Suppose 3*z + 5 - 32 = 0. Suppose z + 6 = -5*w. Let t be (-6)/(-9) - w/9. Calculate the highest common factor of t and 1.
1
Suppose 3*u + 1 = 79. What is the greatest common factor of 182 and u?
26
Let t(k) = k**2 - 15*k + 21. Let b be t(14). Let g be -10*(-1)/7*b. Let c be 3*1*(-120)/(-9). What is the highest common divisor of c and g?
10
Let t = 62 + -58. Calculate the highest common factor of 44 and t.
4
Suppose 3 = a, -33 = -4*v - 2*a + 65. Let j = v - 15. What is the greatest common divisor of 12 and j?
4
Suppose -3*x = 4*v - 62 - 46, -3*x = 5*v - 108. What is the highest common divisor of 24 and x?
12
Suppose -3*g + 3*q + 101 = 4*q, -5*g + q = -179. Let j = -29 - -21. Let s = -1 - j. Calculate the greatest common divisor of s and g.
7
Let n(d) = -d**3 + 5*d**2 - 3*d - 5. Let v be n(4). Let k be v/((1/(-5))/1). Calculate the highest common factor of 45 and k.
5
Suppose 4 - 530 = -5*r - 3*f, -4*r - 4*f + 424 = 0. What is the greatest common divisor of 26 and r?
26
Suppose i - 2*f - 34 = -13, 48 = 2*i - f. Calculate the highest common divisor of 10 and i.
5
Let b(t) = t**3 - 10*t**2 + 4*t + 7. Let z be b(10). Let p = -33 + z. What is the highest common factor of p and 14?
14
Let z be -3 + (1 - (4 + -43)). Suppose -v = -z - 33. What is the greatest common divisor of v and 7?
7
Let y(x) = 24*x**2 + x - 1. Let g = -1 - -2. Let l be y(g). Suppose 0 = -v + 10 + 6. What is the greatest common divisor of v and l?
8
Let r(u) = u**2 - 6*u - 5. Let n be r(7). Suppose -2*m - n = -5*i, 2*m - 3*i = -0*i + 6. What is the greatest common divisor of 81 and m?
9
Let u be 2 - ((3 - 4) + -1). Suppose -3*p - 220 = -5*x, 4*x - 3*x = 4*p + 44. Calculate the greatest common factor of u and x.
4
Let k(h) = -6*h - 3. Let u be k(-6). Let a = u - 15. Let t = 3 - -9. What is the greatest common divisor of a and t?
6
Suppose 2*u - 6 = 3*g + 8, -5*g - 7 = -u. What is the highest common factor of 49 and u?
7
Let p = -89 - -120. What is the greatest common factor of p and 341?
31
Let i = 25 + -16. Calculate the highest common factor of i and 99.
9
Let a be ((-2568)/(-10))/2 - (-74)/(-185). Let t be (-1 - 0) + 1 - -6. Suppose 0 = z + t - 22. Calculate the greatest common factor of z and a.
16
Suppose -87 - 25 = -4*q. Suppose -4*h + q = -0*h. Let u = 16 + -2. What is the highest common divisor of h and u?
7
Suppose -6*r + 2*r + 324 = 0. Let t(a) = a**3 - 6*a**2 - 9*a - 4. Let o be t(7). Let q be o*2*3/(-12). Calculate the highest common factor of r and q.
9
Suppose -j = 5*d - 5, -3*d = -0*j - 4*j - 26. Let x be 4 - -2 - (-6)/d. Calculate the highest common factor of 1 and x.
1
Let j = -4 - -5. Suppose 2*k = 5*a - 18, -a + 4 = k - j. Suppose -4*g + 3*h = -9*g + 167, 0 = 2*g - a*h - 72. Calculate the greatest common factor of 51 and g.
17
Suppose 0 = -4*g + g + 3. Suppose t - 4*a = 28, -5*a = -0*t + t + 17. Calculate the greatest common divisor of g and t.
1
Suppose -54 = -v - 5*q, -4*v + 0*q = 4*q - 200. What is the highest common factor of v and 49?
49
Suppose -5*r + 3*j = -275, 2*r + 20 = 5*j + 149. Calculate the highest common factor of r and 13.
13
Let b be 2*((-130)/(-2) - -1). Calculate the greatest common factor of b and 12.
12
Suppose 0 = -4*i + 3*j, -4*i - j + 0*j + 16 = 0. Suppose -2*d - 1 + 39 = -4*v, -d + 15 = -i*v. Calculate the greatest common factor of d and 9.
9
Let c(w) = w**2 - w + 1. Let v(x) = -x**3 + x**2. Let j(o) = -c(o) + 2*v(o). Let h be j(1). Let l be h/3 + 26/6. What is the highest common factor of 16 and l?
4
Let t = 293 - 193. What is the highest common factor of t and 25?
25
Let j be 399/18 + (0 - 3/18). Calculate the highest common divisor of j and 242.
22
Let d be 27/(-6)*(4 - (-130)/(-15)). What is the highest common divisor of d and 105?
21
Let p = -50 + 66. What is the highest common divisor of p and 128?
16
Let o be 1/2 + 2/4. Let v = 13 + o. Suppose -a + 3 = -2*q - v, a + 3*q = 7. Calculate the highest common factor of 65 and a.
13
Suppose 0 = -2*k - 2*k - 3*p + 7, 3*k = -4*p + 14. Suppose -3*w + 11 = -4. Let r = w + k. What is the highest common factor of 3 and r?
3
Let q = 21 + -18. Calculate the greatest common factor of 3 and q.
3
Let l = -34 - -56. What is the highest common divisor of 198 and l?
22
Let q be (-3)/(-12) - (-15)/4. Let b = 9 - 3. Suppose -k - 2*k = -b. What is the greatest common divisor of q and k?
2
Let w(h) = -18*h - 15. Let y = 2 + -3. Let x be 5/(((-3)/y)/(-6)). Let k be w(x). Calculate the highest common divisor of k and 15.
15
Let l = 27 + -24. Suppose l*w + 69 = d, -4*d + w = -7*d + 177. Suppose -g + 12 + 3 = 0. What is the greatest common divisor of g and d?
15
Let t(c) = 2 + 1 - 4*c + 14*c - c**2. Let f be t(6). Let j be (-1)/(((-1)/(-3))/(-1)). What is the highest common divisor of j and f?
3
Let z = 3 - 1. Suppose z*g + 99 = y + g, 2*y = -3*g + 183. Suppose p - 48 = -4*t, t - 2*p - 12 = -p. Calculate the greatest common factor of y and t.
12
Suppose s - 59 = 3*f, -5*s + 5*f + 27 = -288. What is the highest common divisor of 13 and s?
13
Suppose r - 3*l + 7 = 0, 3*l + 13 = 3*r + 2*r. Let q(t) = 2 + t**3 + t - 1 - 5*t**2 - 4. Let x be q(r). Calculate the greatest common factor of 20 and x.
2
Let b be ((-2)/(-6))/(14/462). Calculate the greatest common divisor of 121 and b.
11
Suppose 5*a + 5*p + 115 = 0, 2*p + 1 = a + 27. Let w be (-3)/(2/(a/2)). What is the greatest common factor of w and 90?
18
Let s(p) = p**2 - 2*p - 6. Let u be s(5). Let c(q) = 3*q - 3. Let y be c(4). What is the greatest common divisor of y and u?
9
Let d(g) = -g**3 + 5*g**2 + 5*g - 3. Let s be d(5). What is the highest common divisor of 22 and s?
22
Let l = -125 + 317. Let f be 0 + (3 - (4 + -25)). Calculate the greatest common factor of l and f.
24
Let t = -7 + 10. Suppose 19 = -t*r + 2*d, -3 = d + 1. Let n be (r/15)/(3/(-30)). Calculate the greatest common factor of 15 and n.
3
Suppose 0 = s - 3 - 7. What is the highest common factor of 5 and s?
5
Let s = 13 - -3. Let h = 22 - s. What is the greatest common factor of h and 15?
3
Let g be 2/(-9) - 3328/(-234). Calculate the highest common divisor of g and 56.
14
Let w be 16/(2*(-1)/(-2)). Suppose 4*t - 3*n = 698, 5*t - 8*t + 538 = 5*n. What is the highest common divisor of w and t?
16
Suppose -3*f - 286 + 6 = -l, 3*l = -2*f + 884. Let o = -34 + l. Let j be o/12 - 1/2. What is the highest common factor of 3 and j?
3
Suppose 0 = -5*n - 102 - 3. Let r be (-1)/((-18)/n + -1). Calculate the highest common factor of 21 and r.
7
Suppose -2*n + 4*q + 12 = 0, 4*n - 2*q - 16 = 8*n. Let y = -2 - n. Suppose l - 5 - 3 = y. What is the highest common divisor of l and 72?
8
Let c = 11 + -6. Suppose 4*r = 3*d - 31, -3*d + 2 = 2*r - c. Let m be (-1)/3 - (-184)/12. What is the greatest common divisor of m and d?
5
Let t(j) = 3*j**2 - 1. Let v be t(1). Calculate the greatest common factor of 8 and v.
2
Let h be (758/4)/((-3)/(-6)). Suppose -413 = -4*k + h. What is the highest common divisor of k and 22?
22
Let v be 54/12 + (-1)/2. Let q be (-1)/v*2*-16. Let x be (q - 0) + -2 + 2. What is the highest common factor of x and 16?
8
Let f = 28 - -108. Suppose 0 = 2*k - 6*k. Suppose 0 = 3*b - k - 51. What is the greatest common factor of f and b?
17
Let i = 16 + -14. Suppose 15 = i*r - 41. Calculate the greatest common factor of r and 4.
4
Suppose 4*v - 24 = -5*z + 52, 0 = -v + 3*z + 2. Calculate the highest common factor of 14 and v.
14
Let n(y) = -y**2 - 4*y + 1. Let p be n(-3). Suppose -4*x = -p*b - 5*x + 83, -4*b - 4*x + 80 = 0. Calculate the highest common divisor of b and 189.
21
Let q(p) = -p**3 - 4*p**2 + p. Let x be q(-4). Let n be 1*12 - x/(-2). Let m be 2/(-12) + (-2410)/(-60). What is the greatest common divisor of m and n?
10
Let n be 21/1 + 20 + 